ts digit of 34 + 3/6*j?
2
Suppose 0*u - 4*u + 11522 = -2*f, -5*u = -f - 14401. What is the thousands digit of u?
2
Let j be (13/(-4) - -3) + (-3435)/(-12). Suppose -4*w + 202 = -j. What is the hundreds digit of w?
1
Let j = 81 + -58. Let i = j + -22. Suppose k + i - 19 = 0. What is the tens digit of k?
1
Let h(t) be the third derivative of 0 + t**2 - 1/120*t**6 - 1/15*t**5 - 1/8*t**4 + t**3 + 0*t. What is the tens digit of h(-4)?
1
Let q(w) = w. Let h(d) = 5 - 6 + 22*d + 34*d - 20*d. Let y(n) = h(n) + q(n). What is the tens digit of y(1)?
3
Suppose -3629 + 13925 = 36*x. What is the hundreds digit of x?
2
Let u(f) = 52*f + 20. Let b be u(10). Suppose 5*j - 900 = 4*c, c - b = 2*j - 5*j. What is the units digit of j?
0
Suppose y = -2*y + 4*c - 226, 3*c - 82 = y. What is the tens digit of (60/(-14))/(2/y)?
5
Let a be 1*(3 - (-2)/(-2)). Suppose -2*u - u - 22 = -v, 5*v + 3*u = 56. Suppose a*n = h - v, -8 - 4 = -3*n. What is the tens digit of h?
2
Let j(k) = -2*k**2 - 8*k + 3. Let f be j(-4). Let g(z) = -10*z + 2 + 14*z - f*z. What is the units digit of g(13)?
5
Let n = 102 - -230. What is the hundreds digit of n?
3
Let j = -28 + 31. Suppose 0 = -10*g + j*g + 119. What is the tens digit of g?
1
Let m(z) = 14*z**2 + z + 31. What is the tens digit of m(-8)?
1
Suppose b - 3*h = 6*b - 10, 0 = 4*b - 3*h - 35. Suppose 208 = b*y - 412. Suppose -2*z - 4*c + y = z, -z = -3*c - 63. What is the tens digit of z?
4
Let w be 3 + (-1)/((-2)/(-370)). Let d = w + 279. What is the units digit of d?
7
What is the hundreds digit of 0 + 588 + 6 + -2 + -9?
5
Let a be (-6*(-4)/(-8) + 10)*49. What is the tens digit of (-6)/(-12) + a/2?
7
Let b(s) = 36*s - 36. Let m be b(15). Suppose -5*d - m = -14*d. What is the tens digit of d?
5
What is the units digit of (-1005567)/(-255) + 52/20?
6
What is the tens digit of (8/((-192)/18))/(27/(-23724))?
5
Suppose 3*d + 9 = 3*p, 4*d = -4*p + 6 - 2. Let y = p - -39. What is the units digit of y?
1
Let y = -1724 + 2839. What is the hundreds digit of y?
1
Let m be -20*(3 - 15/6). Let v = 9 + m. What is the units digit of v - -23 - (-1 + -1)?
4
Suppose 2*b - 5*b + 1161 = 3*r, -4*b + 3*r = -1520. What is the units digit of b?
3
Let b(m) = m - 5. Let r be b(7). Suppose -5*s - r*x = x - 65, -3*s - 5*x = -23. Suppose s + 12 = 4*h. What is the units digit of h?
7
Let i = 0 + 2. Suppose -5*c - 247 = -i*g - 0*c, -g + c + 116 = 0. What is the hundreds digit of g?
1
Suppose -7*n = -4*n - 171. Suppose 3*t + 23 = 2*o, -5*t = 4*o - 0*t - n. Suppose o = 2*u - 5. What is the units digit of u?
9
Let g(o) = 10*o - 9. Let a(v) = 6 - 7*v + 4 - v - v. Let u(c) = -5*a(c) - 4*g(c). What is the tens digit of u(7)?
2
Suppose 0 = 10*p - 7*p - 21. Suppose p*a = 417 + 192. What is the units digit of a?
7
Let j = -9 - -1. What is the units digit of 178*-1*4/j?
9
Suppose -2*m + 3*u = -23, 4*m - 3*u - 44 + 13 = 0. Suppose -129 + 514 = 2*x + p, -5*x + 943 = -m*p. What is the units digit of x?
1
Suppose -660*t - 46596 = -672*t. What is the units digit of t?
3
Let r = 29 + -43. Let x(k) = k**3 + 15*k**2 + 15*k + 17. Let o be x(r). Suppose 3*w = -2*l + 76, 3*w - 100 = o*l + l. What is the units digit of w?
8
Suppose f - 23 = 5*r - 2*r, 58 = 5*f + 4*r. Suppose -6*k + f - 2 = 0. Suppose z - i - 65 = -4*i, -2*z = k*i - 130. What is the units digit of z?
5
Let r(s) = 83*s**2 - s + 2. Let t be r(1). Suppose 0 = -6*d + 3*d + t. Let f = d - 17. What is the units digit of f?
1
Let z(r) = -14*r - 3. Let n be z(-3). Let g be (-242)/(-14) + 2/(-7). Let w = n - g. What is the tens digit of w?
2
Suppose 575 = 9*a - 325. What is the hundreds digit of a?
1
Let z be 20/(-2) + 0/2. Let t(y) = 5*y**2 - 26*y - 9. Let a(m) = 2*m**2 - 13*m - 4. Let i(b) = 7*a(b) - 3*t(b). What is the tens digit of i(z)?
2
Let i = -31 - 47. Let f = 47 + i. Let x = f + 79. What is the tens digit of x?
4
Let d(u) = 2*u - 43. Let n be d(10). Let m = n + 121. What is the units digit of m?
8
Let m(s) = -114*s - 328. What is the hundreds digit of m(-20)?
9
Let k be 8/36 - (-48)/27. Suppose -2*t - 130 = -k*x, -4*x - t + 236 = t. What is the tens digit of x?
6
Let d(s) = s**3 - s**2 - 3*s + 2. Let o be d(3). Let x(j) = j**2 - 3*j + 20. What is the units digit of x(o)?
8
Let g = -141 + 209. Suppose 2*r + 0*r + g = 0. Let i = r + 36. What is the units digit of i?
2
Let l(f) = 15*f + 62. What is the hundreds digit of l(20)?
3
Suppose 0*w - 7*w + 35 = 0. Suppose 0 = -w*n + 257 - 22. What is the tens digit of n?
4
Suppose -4*s = s. Suppose 0*k - 5*v - 94 = 4*k, s = -2*k - 4*v - 44. Let f = 61 + k. What is the units digit of f?
5
Let j = 16 + -10. Suppose 22 = j*c - 38. What is the units digit of c?
0
Let h(f) = 8*f**2 + f**3 + 0*f**3 + 3 - 2*f**3 + 0 + 3*f. What is the tens digit of h(7)?
7
Let q(a) = 113*a**2 - 1. Suppose -23 = -3*o - 20. What is the hundreds digit of q(o)?
1
Suppose 3*l + 191 = 2*p, 184 + 95 = 3*p + 3*l. What is the units digit of p?
4
Let i be 6/(-10)*(19 - -46). What is the tens digit of 154/(-3)*i/26?
7
Let k be -9 - (-1 + 4 + -2). Let o(j) = -j - 10*j**2 - j + 4 + j**3 - 2*j**3 - 1. What is the units digit of o(k)?
3
Let m(n) = 13*n**2 - 6*n - 5. What is the tens digit of m(-3)?
3
Suppose 163717 = -7*s + 60*s. What is the units digit of s?
9
Suppose -16*w - p = -18*w + 1720, 0 = -w - 4*p + 878. What is the hundreds digit of w?
8
Let g be 8/12*6/(-4). Let q(s) = 97*s**2 - 2*s - 3. What is the units digit of q(g)?
6
Suppose -2*v + 7 = 5*m, 2*m + 0 = -v + 2. Suppose -3*c + 3*f + 498 = 2*f, c - 166 = m*f. What is the tens digit of c?
6
Let k be (-7 - -11)*2*(-53)/4. Let t = -16 - k. What is the tens digit of t?
9
Suppose -8*r + 1536 + 15528 = 0. What is the thousands digit of r?
2
Let o = 68 + -10. Let p = o - 51. What is the units digit of p?
7
What is the units digit of -5373*(-3)/15 + 210/525?
5
Let o(v) = -49*v**3 + 2*v**2 - 5*v - 11. What is the units digit of o(-2)?
9
Let p be 8/3 - 2/3. Suppose 5*a - p = 4*o, 2*a = a - 2. What is the units digit of 3*(1 + o - -6)?
2
Let g = -584 - -753. What is the tens digit of g?
6
Let i = 617 + -380. What is the units digit of i?
7
Let d(f) = f - 9. Let u be d(4). Let l = u - -8. Suppose -45 = -l*j + 3*h, 4*j = -6*h + 3*h + 74. What is the tens digit of j?
1
Suppose -n - 36 = -5*n. Suppose -k + 7 = n. What is the units digit of k/(-10) - (-72)/15?
5
Let w(x) = 1274*x - 186. What is the units digit of w(3)?
6
What is the hundreds digit of -3*70/(-42) - -8*234?
8
Let g be (126/45)/(-7) + 1044/10. Let t = 115 + g. What is the tens digit of t?
1
Let j = 38 - 63. Let r = 35 - j. What is the tens digit of r?
6
Suppose 0 = 2*t - 2*o - 2778, o + 5550 = 4*t - 0*o. What is the thousands digit of t?
1
Suppose x + 2*l = -0*x - 9, 5*x - 2*l = 15. Let n = 3 + x. What is the units digit of n?
4
Let j = -117 - -180. What is the units digit of j?
3
Suppose -2*v + 8*h = 3*h + 14, -3*v - 3*h + 21 = 0. Suppose 0 = -v*n + 5*n - 370. What is the units digit of n?
5
Let z(r) = 16*r**2 + 2*r - 4. Let n = 37 + -35. What is the tens digit of z(n)?
6
Let p = 213 + -171. What is the tens digit of p?
4
Let t = 835 - 280. What is the tens digit of t?
5
Let g = -11 + 21. Suppose g*v - 5*v = 0. Suppose -3*b = -12, v = -4*h - 4*b + 50 - 18. What is the units digit of h?
4
Suppose 0 = -3*g - 5*k + 947, 4*g - 5*k = 1749 - 463. What is the tens digit of g?
1
Suppose -5*b - 92 = 4*k, 4*k + 55 + 13 = b. Let i(t) = -t**2 + 5*t + 6. Let g be i(6). Let w = g - k. What is the units digit of w?
8
Let x = 192 + -166. What is the units digit of x?
6
Suppose 10 = 6*n - 11*n. What is the tens digit of 51/4*-2*12/n?
5
Let w be ((-3)/4)/(4/(-16)). Suppose -o = 2 + w. What is the units digit of (-2)/o + (-416)/(-10)?
2
Let j(p) = p**3 + 10*p**2 - 10*p + 10. What is the tens digit of j(5)?
3
Suppose 5*s - 32 = 3*s - 5*f, 16 = s - 5*f. Let u(o) = o**2 - 14*o - 15. Let q be u(s). Suppose v = -3*n + 5, -2 = -5*n - q. What is the tens digit of v?
1
Let z = -1922 + 3050. What is the thousands digit of z?
1
Let l(t) = t**2 - 30*t - 31. Let z be l(26). What is the units digit of z/(-18)*126/5?
9
Let k(o) = -2*o**2 + 2*o + 24 + 3*o**2 - 2*o**2 + o**3. Suppose 34*p - 40*p = 0. What is the units digit of k(p)?
4
What is the units digit of 1150 + -3*(-15)/9?
5
Let i(z) = -z - 3 - 3*z**2 + 3*z**2 - z**3 + 0. Let n be i